{"id":1112,"date":"2023-07-07T11:13:45","date_gmt":"2023-07-07T11:13:45","guid":{"rendered":"http:\/\/www.acct.cat\/?page_id=1112"},"modified":"2023-07-07T11:13:45","modified_gmt":"2023-07-07T11:13:45","slug":"ministerio-de-cultura-y-deporte","status":"publish","type":"page","link":"https:\/\/www.acct.cat\/es\/instituciones-patrocinadoras\/ministerio-de-cultura-y-deporte\/","title":{"rendered":"Ministerio de Cultura y Deporte"},"content":{"rendered":"<p>En 2022 en el marco del Plan de Recuperaci\u00f3n, Transformaci\u00f3n y Resiliencia financiado con las ayudas de la Uni\u00f3n Europea Next Generation el Ministerio de Cultura y Deporte subvencion\u00f3 9.812 \u20ac con la descripci\u00f3n y digitalizaci\u00f3n de la serie \u00abCartas dirigidas al cap\u00edtulo de la catedral de Tarragona\u00bb (siglos XVII-XX) del Archivo Capitular de la Catedral de Tarragona.<\/p>\n<p><a href=\"http:\/\/www.acct.cat\/wp-content\/uploads\/sites\/23\/2023\/07\/Logo-PRTR-vertical_COLOR-300x169.jpg\"><img loading=\"lazy\" decoding=\"async\" class=\"aligncenter wp-image-1102 size-medium\" src=\"http:\/\/www.acct.cat\/wp-content\/uploads\/sites\/23\/2023\/07\/Logo-PRTR-vertical_COLOR-300x169.jpg\" alt=\"\" width=\"300\" height=\"169\" srcset=\"https:\/\/www.acct.cat\/wp-content\/uploads\/sites\/23\/2023\/07\/Logo-PRTR-vertical_COLOR-300x169.jpg 300w, https:\/\/www.acct.cat\/wp-content\/uploads\/sites\/23\/2023\/07\/Logo-PRTR-vertical_COLOR-1024x576.jpg 1024w, https:\/\/www.acct.cat\/wp-content\/uploads\/sites\/23\/2023\/07\/Logo-PRTR-vertical_COLOR-768x432.jpg 768w, https:\/\/www.acct.cat\/wp-content\/uploads\/sites\/23\/2023\/07\/Logo-PRTR-vertical_COLOR-1536x864.jpg 1536w, https:\/\/www.acct.cat\/wp-content\/uploads\/sites\/23\/2023\/07\/Logo-PRTR-vertical_COLOR.jpg 1920w\" sizes=\"auto, (max-width: 300px) 100vw, 300px\" \/><\/a><a href=\"http:\/\/www.acct.cat\/wp-content\/uploads\/sites\/23\/2023\/07\/ES_Financiado_por_la_Union_Europea_RGB_MONOCHROME-300x74.png\"><img loading=\"lazy\" decoding=\"async\" class=\"size-medium wp-image-1108 aligncenter\" src=\"http:\/\/www.acct.cat\/wp-content\/uploads\/sites\/23\/2023\/07\/ES_Financiado_por_la_Union_Europea_RGB_MONOCHROME-300x74.png\" alt=\"\" width=\"300\" height=\"74\" srcset=\"https:\/\/www.acct.cat\/wp-content\/uploads\/sites\/23\/2023\/07\/ES_Financiado_por_la_Union_Europea_RGB_MONOCHROME-300x74.png 300w, https:\/\/www.acct.cat\/wp-content\/uploads\/sites\/23\/2023\/07\/ES_Financiado_por_la_Union_Europea_RGB_MONOCHROME-1024x254.png 1024w, https:\/\/www.acct.cat\/wp-content\/uploads\/sites\/23\/2023\/07\/ES_Financiado_por_la_Union_Europea_RGB_MONOCHROME-768x190.png 768w, https:\/\/www.acct.cat\/wp-content\/uploads\/sites\/23\/2023\/07\/ES_Financiado_por_la_Union_Europea_RGB_MONOCHROME-1536x380.png 1536w, https:\/\/www.acct.cat\/wp-content\/uploads\/sites\/23\/2023\/07\/ES_Financiado_por_la_Union_Europea_RGB_MONOCHROME-2048x507.png 2048w\" sizes=\"auto, (max-width: 300px) 100vw, 300px\" \/><\/a><\/p>\n","protected":false},"excerpt":{"rendered":"<p>En 2022 en el marco del Plan de Recuperaci\u00f3n, Transformaci\u00f3n y Resiliencia financiado con las ayudas de la Uni\u00f3n Europea Next Generation el Ministerio de Cultura y Deporte subvencion\u00f3 9.812 \u20ac con la descripci\u00f3n y digitalizaci\u00f3n de la serie \u00abCartas dirigidas al cap\u00edtulo de la catedral de Tarragona\u00bb (siglos XVII-XX)&#8230;<\/p>\n","protected":false},"author":35,"featured_media":0,"parent":1025,"menu_order":0,"comment_status":"closed","ping_status":"closed","template":"","meta":{"footnotes":""},"class_list":["post-1112","page","type-page","status-publish","hentry"],"_links":{"self":[{"href":"https:\/\/www.acct.cat\/es\/wp-json\/wp\/v2\/pages\/1112","targetHints":{"allow":["GET"]}}],"collection":[{"href":"https:\/\/www.acct.cat\/es\/wp-json\/wp\/v2\/pages"}],"about":[{"href":"https:\/\/www.acct.cat\/es\/wp-json\/wp\/v2\/types\/page"}],"author":[{"embeddable":true,"href":"https:\/\/www.acct.cat\/es\/wp-json\/wp\/v2\/users\/35"}],"replies":[{"embeddable":true,"href":"https:\/\/www.acct.cat\/es\/wp-json\/wp\/v2\/comments?post=1112"}],"version-history":[{"count":1,"href":"https:\/\/www.acct.cat\/es\/wp-json\/wp\/v2\/pages\/1112\/revisions"}],"predecessor-version":[{"id":1113,"href":"https:\/\/www.acct.cat\/es\/wp-json\/wp\/v2\/pages\/1112\/revisions\/1113"}],"up":[{"embeddable":true,"href":"https:\/\/www.acct.cat\/es\/wp-json\/wp\/v2\/pages\/1025"}],"wp:attachment":[{"href":"https:\/\/www.acct.cat\/es\/wp-json\/wp\/v2\/media?parent=1112"}],"curies":[{"name":"wp","href":"https:\/\/api.w.org\/{rel}","templated":true}]}}

<p>En 2022 en el marco del Plan de Recuperación, Transformación y Resiliencia financiado con las ayudas de la Unión Europea Next Generation el Ministerio de Cultura y Deporte subvencionó 9.812 € con la descripción y digitalización de la serie «Cartas dirigidas al capítulo de la catedral de Tarragona» (siglos XVII-XX) del Archivo Capitular de la Catedral de Tarragona.</p>
<p><a href="http://www.acct.cat/wp-content/uploads/sites/23/2023/07/Logo-PRTR-vertical_COLOR-300x169.jpg"><img loading="lazy" decoding="async" class="aligncenter wp-image-1102 size-medium" src="http://www.acct.cat/wp-content/uploads/sites/23/2023/07/Logo-PRTR-vertical_COLOR-300x169.jpg" alt="" width="300" height="169" srcset="https://www.acct.cat/wp-content/uploads/sites/23/2023/07/Logo-PRTR-vertical_COLOR-300x169.jpg 300w, https://www.acct.cat/wp-content/uploads/sites/23/2023/07/Logo-PRTR-vertical_COLOR-1024x576.jpg 1024w, https://www.acct.cat/wp-content/uploads/sites/23/2023/07/Logo-PRTR-vertical_COLOR-768x432.jpg 768w, https://www.acct.cat/wp-content/uploads/sites/23/2023/07/Logo-PRTR-vertical_COLOR-1536x864.jpg 1536w, https://www.acct.cat/wp-content/uploads/sites/23/2023/07/Logo-PRTR-vertical_COLOR.jpg 1920w" sizes="auto, (max-width: 300px) 100vw, 300px" /></a><a href="http://www.acct.cat/wp-content/uploads/sites/23/2023/07/ES_Financiado_por_la_Union_Europea_RGB_MONOCHROME-300x74.png"><img loading="lazy" decoding="async" class="size-medium wp-image-1108 aligncenter" src="http://www.acct.cat/wp-content/uploads/sites/23/2023/07/ES_Financiado_por_la_Union_Europea_RGB_MONOCHROME-300x74.png" alt="" width="300" height="74" srcset="https://www.acct.cat/wp-content/uploads/sites/23/2023/07/ES_Financiado_por_la_Union_Europea_RGB_MONOCHROME-300x74.png 300w, https://www.acct.cat/wp-content/uploads/sites/23/2023/07/ES_Financiado_por_la_Union_Europea_RGB_MONOCHROME-1024x254.png 1024w, https://www.acct.cat/wp-content/uploads/sites/23/2023/07/ES_Financiado_por_la_Union_Europea_RGB_MONOCHROME-768x190.png 768w, https://www.acct.cat/wp-content/uploads/sites/23/2023/07/ES_Financiado_por_la_Union_Europea_RGB_MONOCHROME-1536x380.png 1536w, https://www.acct.cat/wp-content/uploads/sites/23/2023/07/ES_Financiado_por_la_Union_Europea_RGB_MONOCHROME-2048x507.png 2048w" sizes="auto, (max-width: 300px) 100vw, 300px" /></a></p>

<p>En 2022 en el marco del Plan de Recuperación, Transformación y Resiliencia financiado con las ayudas de la Unión Europea Next Generation el Ministerio de Cultura y Deporte subvencionó 9.812 € con la descripción y digitalización de la serie «Cartas dirigidas al capítulo de la catedral de Tarragona» (siglos XVII-XX)&#8230;</p>
