{"id":1029,"date":"2014-03-20T10:58:43","date_gmt":"2014-03-20T10:58:43","guid":{"rendered":"http:\/\/www.acct.cat\/ayuntamiento-de-la-pobla-de-mafumet\/"},"modified":"2014-03-20T10:58:43","modified_gmt":"2014-03-20T10:58:43","slug":"ayuntamiento-de-la-pobla-de-mafumet","status":"publish","type":"page","link":"https:\/\/www.acct.cat\/es\/ayuntamiento-de-la-pobla-de-mafumet\/","title":{"rendered":"Ayuntamiento de la Pobla de Mafumet"},"content":{"rendered":"<p style=\"text-align: justify\"><strong>Convenio de colaboracion entre el Ayuntamiento de la Pobla de Mafumet i el Archivo Hist\u00f3rico Arxidiocesano de Tarragona.<\/strong><br \/>\nEl d\u00eda 21 de julio de 2008, el Excmo. y Rvdmo. Dr. Jaume Pujol Balcells, arzobispo de Tarragona y primado, y el Ilmo. Sr. Joan M. Sard\u00e0 y Padrell, alcalde de la Pobla de Mafumet, firmaron un convenio en nombre de las dos instituciones a las que representan. El antes mencionado convenio, que tiene una vigencia de tres a\u00f1os y una dotaci\u00f3n econ\u00f3mica de 5.500 \u20ac para cada uno de ellos, les ha de permitir la digitalizaci\u00f3n del fondo parroquial de San Juan Bautista de La Pobla de Mafumet y de la serie de comunes Distribuciones del Archivo Capitular de la Catedral de Tarragona, as\u00ed como colaborar en el campo de la cultura, y m\u00e1s concretamente a\u00fan, en la restauraci\u00f3n del C\u00f3dice A y B.<\/p>\n<div id=\"attachment_106\" style=\"width: 228px\" class=\"wp-caption aligncenter\"><a href=\"http:\/\/www.poblamafumet.cat\/\" target=\"_blank\"><img loading=\"lazy\" decoding=\"async\" aria-describedby=\"caption-attachment-106\" class=\"size-medium wp-image-106\" src=\"http:\/\/acct.wp.arqtgn.cat\/wp-content\/uploads\/sites\/23\/2013\/11\/patro-pobla-218x300.jpg\" alt=\"Ajuntament de la Pobla de Mafumet.\" width=\"218\" height=\"300\" srcset=\"https:\/\/www.acct.cat\/wp-content\/uploads\/sites\/23\/2013\/11\/patro-pobla-218x300.jpg 218w, https:\/\/www.acct.cat\/wp-content\/uploads\/sites\/23\/2013\/11\/patro-pobla.jpg 640w\" sizes=\"auto, (max-width: 218px) 100vw, 218px\" \/><\/a><p id=\"caption-attachment-106\" class=\"wp-caption-text\">Ajuntament de la Pobla de Mafumet.<\/p><\/div>\n","protected":false},"excerpt":{"rendered":"<p>Convenio de colaboracion entre el Ayuntamiento de la Pobla de Mafumet i el Archivo Hist\u00f3rico Arxidiocesano de Tarragona. El d\u00eda 21 de julio de 2008, el Excmo. y Rvdmo. Dr. Jaume Pujol Balcells, arzobispo de Tarragona y primado, y el Ilmo. Sr. Joan M. Sard\u00e0 y Padrell, alcalde de la&#8230;<\/p>\n","protected":false},"author":23,"featured_media":0,"parent":0,"menu_order":0,"comment_status":"closed","ping_status":"closed","template":"","meta":{"footnotes":""},"class_list":["post-1029","page","type-page","status-publish","hentry"],"_links":{"self":[{"href":"https:\/\/www.acct.cat\/es\/wp-json\/wp\/v2\/pages\/1029","targetHints":{"allow":["GET"]}}],"collection":[{"href":"https:\/\/www.acct.cat\/es\/wp-json\/wp\/v2\/pages"}],"about":[{"href":"https:\/\/www.acct.cat\/es\/wp-json\/wp\/v2\/types\/page"}],"author":[{"embeddable":true,"href":"https:\/\/www.acct.cat\/es\/wp-json\/wp\/v2\/users\/23"}],"replies":[{"embeddable":true,"href":"https:\/\/www.acct.cat\/es\/wp-json\/wp\/v2\/comments?post=1029"}],"version-history":[{"count":0,"href":"https:\/\/www.acct.cat\/es\/wp-json\/wp\/v2\/pages\/1029\/revisions"}],"wp:attachment":[{"href":"https:\/\/www.acct.cat\/es\/wp-json\/wp\/v2\/media?parent=1029"}],"curies":[{"name":"wp","href":"https:\/\/api.w.org\/{rel}","templated":true}]}}

<p style="text-align: justify"><strong>Convenio de colaboracion entre el Ayuntamiento de la Pobla de Mafumet i el Archivo Histórico Arxidiocesano de Tarragona.</strong><br />
El día 21 de julio de 2008, el Excmo. y Rvdmo. Dr. Jaume Pujol Balcells, arzobispo de Tarragona y primado, y el Ilmo. Sr. Joan M. Sardà y Padrell, alcalde de la Pobla de Mafumet, firmaron un convenio en nombre de las dos instituciones a las que representan. El antes mencionado convenio, que tiene una vigencia de tres años y una dotación económica de 5.500 € para cada uno de ellos, les ha de permitir la digitalización del fondo parroquial de San Juan Bautista de La Pobla de Mafumet y de la serie de comunes Distribuciones del Archivo Capitular de la Catedral de Tarragona, así como colaborar en el campo de la cultura, y más concretamente aún, en la restauración del Códice A y B.</p>
<div id="attachment_106" style="width: 228px" class="wp-caption aligncenter"><a href="http://www.poblamafumet.cat/" target="_blank"><img loading="lazy" decoding="async" aria-describedby="caption-attachment-106" class="size-medium wp-image-106" src="http://acct.wp.arqtgn.cat/wp-content/uploads/sites/23/2013/11/patro-pobla-218x300.jpg" alt="Ajuntament de la Pobla de Mafumet." width="218" height="300" srcset="https://www.acct.cat/wp-content/uploads/sites/23/2013/11/patro-pobla-218x300.jpg 218w, https://www.acct.cat/wp-content/uploads/sites/23/2013/11/patro-pobla.jpg 640w" sizes="auto, (max-width: 218px) 100vw, 218px" /></a><p id="caption-attachment-106" class="wp-caption-text">Ajuntament de la Pobla de Mafumet.</p></div>

<p>Convenio de colaboracion entre el Ayuntamiento de la Pobla de Mafumet i el Archivo Histórico Arxidiocesano de Tarragona. El día 21 de julio de 2008, el Excmo. y Rvdmo. Dr. Jaume Pujol Balcells, arzobispo de Tarragona y primado, y el Ilmo. Sr. Joan M. Sardà y Padrell, alcalde de la&#8230;</p>
